s?
3
Let j = 11 - -48. What are the prime factors of j?
59
Let m be 3/(0 + -3)*-3. Suppose -5*b + t = -92, b + 2*t = m*b - 40. What are the prime factors of b?
2, 3
Suppose -3*v + 20 = 2. Suppose 0 = 3*w + 3*n - 3, -4*w + 3 + v = -n. List the prime factors of w.
2
Suppose -3*a + 5 + 7 = 0. Let q = a - 2. Suppose 0 = q*l + 2*l - 48. What are the prime factors of l?
2, 3
Suppose -m = -5*a - 8, 12 = 2*m + 5*a - 49. Let z = m - 5. What are the prime factors of z?
2, 3
Let g(b) = b**3 + 2*b**2 + b + 2. Let t be g(-2). What are the prime factors of 1 + t/(-2) + 6?
7
Let s be (3 - 1) + 1 - 1. Suppose 0 = o - 3*n + 7, -4*n - 16 = s*o + 3*o. List the prime factors of 12/7 - o/14.
2
Suppose -228 = -4*g + g. List the prime factors of g.
2, 19
Let m = -9493 + 15409. List the prime factors of (-2)/(-11) + m/132.
3, 5
Let k = -102 - -330. List the prime factors of k.
2, 3, 19
Let n(t) = 2*t - 7. Let u be n(6). Suppose 3*l = u*l. Suppose 0 = 2*g + 2*d - 40, g + l*d - 44 = 5*d. What are the prime factors of g?
2, 3
Let h(o) = o**2 - 4*o + 3. Let w be h(4). Let c(m) = 3*m - 3*m**3 - m**2 - m**3 + 3*m**w + m - 1. What are the prime factors of c(-3)?
5
Suppose -4*z = -6*z + 12. Let p(l) = -4*l. Let m(f) = -12*f. Let b(h) = z*m(h) - 20*p(h). List the prime factors of b(1).
2
Let v = 72 - 36. List the prime factors of v.
2, 3
Let i(t) be the first derivative of 3*t - 1/2*t**2 - 1. List the prime factors of i(0).
3
Let p = -43 - -64. What are the prime factors of p?
3, 7
Suppose 3*x + 5 = -m + 32, 6 = 2*x. What are the prime factors of m?
2, 3
Let m be (-24)/((-9)/3) - -1. Let k(t) = 2*t + 2. What are the prime factors of k(m)?
2, 5
Suppose -4*q + 9*q + 10 = 0. Let d(l) = 5*l - 2*l - 4*l. What are the prime factors of d(q)?
2
Let m = 24 + -10. Let b = -6 + m. List the prime factors of b.
2
Let n = 43 - -10. What are the prime factors of n?
53
Suppose -2*z = -6 - 2. Suppose 0 - z = a. List the prime factors of (-2)/a - (-92)/8.
2, 3
Suppose u + 635 = 6*u - n, -u + 127 = -n. List the prime factors of u.
127
Let l(r) = r**3 + 12*r**2 - 15*r + 14. What are the prime factors of l(-12)?
2, 97
Let t(r) = -4*r**2 + 15*r + 15. Let j be 8/(-6)*(-12)/(-8). Let d(f) = f**2 - 5*f - 5. Let u(k) = j*t(k) - 7*d(k). List the prime factors of u(-6).
11
Let a(t) = t**3 - 10*t**2 + 9*t + 11. What are the prime factors of a(10)?
101
Let r(v) = -3*v**2 - 3*v**2 - 5*v + v**3 + 0*v - 3. What are the prime factors of r(7)?
11
Let p(h) = 2*h**2 - 3*h + 2. Let q(r) = -r**3 - 4*r**2 - 2*r + 4. Let m be q(-3). Let w = 3 - m. List the prime factors of p(w).
2
Let y(g) = -14*g + 6. What are the prime factors of y(-1)?
2, 5
Suppose 8*t - 2*t = 408. List the prime factors of t.
2, 17
Let l(p) = p - 8. Let b be l(-7). Let h = -11 - b. List the prime factors of h.
2
Let o(g) = 25*g - 2. Let w be o(2). Suppose d = -3*d + w. What are the prime factors of d?
2, 3
Let i(h) = -3*h - 8. Let r be i(-11). Suppose -4*j - j = -r. List the prime factors of j.
5
Suppose 4*h - 5 + 17 = 0, -n = 5*h + 9. Suppose -3 = o - n. What are the prime factors of -1*((-18)/o - -2)?
2
Suppose -38 = -5*z + 2*u, 2*u = -4 - 4. Let m(y) = -y**3 + 6*y**2 + 3*y + 4. Let o be m(z). Let j = o + -15. List the prime factors of j.
7
Suppose 4*y - 10 = 2. Suppose 2 = -t + 2*t. Suppose -t*h - 9 - 1 = -2*p, -2*p + 7 = -y*h. What are the prime factors of p?
2
Let f(p) = p**2 + 5*p - 6. Let l be f(-7). Let o = 11 - l. List the prime factors of o.
3
Suppose 5*c = 2 + 3. Let s = 4 + c. Suppose 75 = 5*b - 5*l, l - 30 = -s*b + 15. List the prime factors of b.
2, 5
Let f = 57 - -177. List the prime factors of f.
2, 3, 13
Suppose 5*y - 102 = 28. Let w = -7 - -11. Suppose -4*a - a + y = w*h, 0 = -h - 3*a + 3. What are the prime factors of h?
3
Let z(s) be the third derivative of 1/24*s**4 + 0*s - s**2 - 1/3*s**3 + 0. What are the prime factors of z(6)?
2
Let s be 5*(-1 - (-122)/10). Let o = 10 + -5. Suppose -o*u = -s - 29. What are the prime factors of u?
17
Let z = 84 + -45. Suppose z - 11 = 2*h. List the prime factors of h.
2, 7
Let s = -4 + 8. Suppose 0 = 5*z - s*z - 4. Suppose -z*v + 1 = -23. What are the prime factors of v?
2, 3
Let k(q) = -3. Let i(u) = u - 7. Suppose -x + 4 = -3*x. Let p(v) = x*i(v) + 5*k(v). List the prime factors of p(-5).
3
Suppose -2 = -k - 0*k. Let b = 2 - 2. List the prime factors of (6 - k) + b + 2.
2, 3
Suppose 6*l - l = q - 41, 4*q - 4*l = 164. What are the prime factors of q?
41
Suppose 3*s - 60 - 48 = 0. Suppose 3*a - 4 = -p, a + 2*a - 14 = 4*p. Suppose -a*c + s = 12. What are the prime factors of c?
2, 3
Let g be (-50)/18 + (-10)/45. Let l = -1 - g. Suppose -f - l + 12 = 0. What are the prime factors of f?
2, 5
Let r = -50 + 136. List the prime factors of r.
2, 43
Let s(a) = -a**3 - 3*a**2 - 2*a - 6. Let l be s(-4). Suppose -3*t = 2*y - 45, y + 4*t - l = 7. Suppose -84 = -3*b - y. List the prime factors of b.
3, 7
Let f(d) be the first derivative of d**4 - 2*d**3/3 + d**2 - d + 1. Let w be f(1). Suppose -w*i = -0*i - 6. What are the prime factors of i?
2
Suppose 126 = 7*n - 189. List the prime factors of n.
3, 5
Let l be (-3 - -2) + 17/1. Suppose -3*d - b = -0*b - 11, 3*d - 4*b = l. List the prime factors of d.
2
List the prime factors of (-1)/((-208)/(-70) - 3).
5, 7
Let w be (1/1)/(2/6). Let p(d) = -d**3 + 4*d**2 + 3. What are the prime factors of p(w)?
2, 3
Suppose -23*v + 84 = -11*v. List the prime factors of v.
7
Let b(g) = 9*g + g**2 - 9*g + 16. What are the prime factors of b(0)?
2
Suppose -126 = -4*y + 2*f, 0*f = 2*y - 3*f - 61. What are the prime factors of y?
2
Let m(s) = -3*s - 9. List the prime factors of m(-20).
3, 17
Suppose 0 = 5*l - 3*z - 2*z + 20, 0 = -2*z + 4. List the prime factors of (-471)/(-15) + l/5.
31
Suppose 0 = -7*f + 96 + 1206. List the prime factors of f.
2, 3, 31
Suppose 2*n = 24 - 4. Suppose 0 = -2*l + 8. Let m = n + l. What are the prime factors of m?
2, 7
Let n(k) = 8*k + 6. Let s be n(-5). Let r = 57 + s. List the prime factors of r.
23
Suppose 4*s = -1 - 15. List the prime factors of ((-21)/s)/(6/16).
2, 7
Suppose 5 = 2*w - 5. Suppose -4*a + 15 = 2*h - 25, a = w*h - 100. What are the prime factors of h?
2, 5
Let q be (20/8)/((-2)/(-8)). Let a = 4 + q. List the prime factors of a.
2, 7
What are the prime factors of (-1)/((-9)/141)*3?
47
Let o = 16 + -4. Suppose 5*u - 1 - 103 = -2*m, 4*u = 5*m + 103. Let n = u - o. What are the prime factors of n?
2, 5
Let b(y) = 24*y - 5. Let k(z) = -73*z + 14. Let h(g) = 11*b(g) + 4*k(g). Let p be h(-1). Let v = p - 15. List the prime factors of v.
2, 7
Let u = 16 + -4. Suppose z + 5 = u. What are the prime factors of z?
7
Suppose z + 4*q = -0*z + 34, -3*z - 4*q + 78 = 0. List the prime factors of z.
2, 11
Let w = 10 + -1. What are the prime factors of w?
3
Suppose 3*b = -b + 48. Let c = 14 - b. What are the prime factors of c?
2
Let b = -261 + 399. Suppose x - 3*k = 5*x - b, 2*k - 70 = -2*x. List the prime factors of x.
3, 11
Suppose s = -4*s. Let g(z) = 7*z**2 + 11. Let n(a) = -3*a**2 - 6. Let y(w) = -2*g(w) - 5*n(w). List the prime factors of y(s).
2
Suppose -3*b + 84 = -21. Let v = -19 + b. List the prime factors of v.
2
Suppose -2*z + 2*k + 58 = 0, 2*z - 41 - 21 = -2*k. List the prime factors of z.
2, 3, 5
Let w(q) = q**3 - 8*q**2 + 4*q - 1. Let z be w(6). Let d = z + 71. What are the prime factors of d?
2, 11
Let j = -7 - -13. List the prime factors of (-16)/(-3)*j/4.
2
Let y = 16 - -7. Suppose 3*m = 3*d - 12, 5*m - 2*d - 2*d + y = 0. Let v(h) = h**3 + 6*h**2 - 7*h + 8. What are the prime factors of v(m)?
2
Let o = -42 + 59. List the prime factors of o.
17
Let v(b) = -b**2 - 7*b. Let r be v(-8). Let w = 13 + r. What are the prime factors of w?
5
Let o = -15 + 22. Let m(t) = -10 - 6*t**2 + t**2 + 9*t + 4*t**2. What are the prime factors of m(o)?
2
Suppose 3*j + 115 = 2*y, 3*y - j - 175 = j. List the prime factors of y.
59
List the prime factors of (4 - ((-3)/(-1) + 0)) + 214.
5, 43
Let h(z) = -z**3 - 5*z**2 + 3*z - 4. Let q(v) = -v**3 - 5*v**2 + 3*v - 4. Let y(b) = 6*h(b) - 5*q(b). What are the prime factors of y(-6)?
2, 7
Suppose -5*p = -4*y - 146 - 196, 3*p + 2*y = 214. List the prime factors of p.
2, 5, 7
Suppose 133 = 3*i - 101. Let k = i + -42. What are the prime factors of k?
2, 3
Suppose 2*u + 12 = -0*c + 4*c, 12 = 4*c. Suppose